{"id":651,"date":"2016-10-01T12:00:37","date_gmt":"2016-10-01T16:00:37","guid":{"rendered":"https:\/\/btae.ca\/?post_type=collaborateurs&#038;p=651"},"modified":"2025-12-19T15:31:26","modified_gmt":"2025-12-19T19:31:26","slug":"jonathan-proulx","status":"publish","type":"collaborateurs","link":"https:\/\/blouinbeauchamp.ca\/en\/collaborateurs\/jonathan-proulx\/","title":{"rendered":"Jonathan Proulx"},"content":{"rendered":"<p>Passionate about architecture, Jonathan has twelve years of education under his belt, including a diploma in Architectural Technology from C\u00e9gep de Saint-Laurent, a bachelor&#8217;s degree in Environmental Design from the Universit\u00e9 du Qu\u00e9bec \u00e0 Montr\u00e9al, and a bachelor&#8217;s and master&#8217;s degree in Architecture from the Universit\u00e9 de Montr\u00e9al. During his studies, he completed several residential and commercial construction projects and participated in numerous design and architecture competitions, earning him several awards and publications. Throughout his career, he has developed an ecological architectural approach centered on people and their relationship with their environment, while specializing in the place of children in the design of cities, buildings, and society. His goal is to change current architectural and societal paradigms. In 2021, he joined the team at Blouin Beauchamp Architectes as a candidate for the profession of architect and actively participates in all stages of the architectural design process.<\/p>\n<p>\u201cThe most motivating aspect of working at Blouin Beauchamp Architectes is the young, dynamic team. There is a real family feeling within the studio. The nature, scale, quantity, and importance of the projects is also a very motivating aspect of the office for me, allowing me to be in a continuous learning process.\u201d<\/p>\n","protected":false},"template":"","class_list":["post-651","collaborateurs","type-collaborateurs","status-publish","hentry"],"yoast_head":"<!-- This site is optimized with the Yoast SEO plugin v27.5 - https:\/\/yoast.com\/product\/yoast-seo-wordpress\/ -->\n<title>Jonathan Proulx | Blouin Beauchamp Architectes<\/title>\n<meta name=\"robots\" content=\"index, follow, max-snippet:-1, max-image-preview:large, max-video-preview:-1\" \/>\n<link rel=\"canonical\" href=\"https:\/\/blouinbeauchamp.ca\/en\/collaborateurs\/jonathan-proulx\/\" \/>\n<meta property=\"og:locale\" content=\"en_US\" \/>\n<meta property=\"og:type\" content=\"article\" \/>\n<meta property=\"og:title\" content=\"Jonathan Proulx | Blouin Beauchamp Architectes\" \/>\n<meta property=\"og:description\" content=\"Passionate about architecture, Jonathan has twelve years of education under his belt, including a diploma in Architectural Technology from C\u00e9gep de Saint-Laurent, a bachelor&#8217;s degree in Environmental Design from the Universit\u00e9 du Qu\u00e9bec \u00e0 Montr\u00e9al, and a bachelor&#8217;s and master&#8217;s degree in Architecture from the Universit\u00e9 de Montr\u00e9al. During his studies, he completed several residential [&hellip;]\" \/>\n<meta property=\"og:url\" content=\"https:\/\/blouinbeauchamp.ca\/en\/collaborateurs\/jonathan-proulx\/\" \/>\n<meta property=\"og:site_name\" content=\"Blouin Beauchamp Architectes\" \/>\n<meta property=\"article:modified_time\" content=\"2025-12-19T19:31:26+00:00\" \/>\n<meta name=\"twitter:card\" content=\"summary_large_image\" \/>\n<meta name=\"twitter:label1\" content=\"Est. reading time\" \/>\n\t<meta name=\"twitter:data1\" content=\"2 minutes\" \/>\n<script type=\"application\/ld+json\" class=\"yoast-schema-graph\">{\"@context\":\"https:\\\/\\\/schema.org\",\"@graph\":[{\"@type\":\"WebPage\",\"@id\":\"https:\\\/\\\/blouinbeauchamp.ca\\\/en\\\/collaborateurs\\\/jonathan-proulx\\\/\",\"url\":\"https:\\\/\\\/blouinbeauchamp.ca\\\/en\\\/collaborateurs\\\/jonathan-proulx\\\/\",\"name\":\"Jonathan Proulx | Blouin Beauchamp Architectes\",\"isPartOf\":{\"@id\":\"https:\\\/\\\/blouinbeauchamp.ca\\\/en\\\/#website\"},\"datePublished\":\"2016-10-01T16:00:37+00:00\",\"dateModified\":\"2025-12-19T19:31:26+00:00\",\"breadcrumb\":{\"@id\":\"https:\\\/\\\/blouinbeauchamp.ca\\\/en\\\/collaborateurs\\\/jonathan-proulx\\\/#breadcrumb\"},\"inLanguage\":\"en-US\",\"potentialAction\":[{\"@type\":\"ReadAction\",\"target\":[\"https:\\\/\\\/blouinbeauchamp.ca\\\/en\\\/collaborateurs\\\/jonathan-proulx\\\/\"]}]},{\"@type\":\"BreadcrumbList\",\"@id\":\"https:\\\/\\\/blouinbeauchamp.ca\\\/en\\\/collaborateurs\\\/jonathan-proulx\\\/#breadcrumb\",\"itemListElement\":[{\"@type\":\"ListItem\",\"position\":1,\"name\":\"Accueil\",\"item\":\"https:\\\/\\\/blouinbeauchamp.ca\\\/en\\\/\"},{\"@type\":\"ListItem\",\"position\":2,\"name\":\"Collaborateurs\",\"item\":\"https:\\\/\\\/blouinbeauchamp.ca\\\/en\\\/collaborateurs\\\/\"},{\"@type\":\"ListItem\",\"position\":3,\"name\":\"Jonathan Proulx\"}]},{\"@type\":\"WebSite\",\"@id\":\"https:\\\/\\\/blouinbeauchamp.ca\\\/en\\\/#website\",\"url\":\"https:\\\/\\\/blouinbeauchamp.ca\\\/en\\\/\",\"name\":\"Blouin Beauchamp Architectes\",\"description\":\"\",\"publisher\":{\"@id\":\"https:\\\/\\\/blouinbeauchamp.ca\\\/en\\\/#organization\"},\"alternateName\":\"Blouin Tardif Architectes\",\"potentialAction\":[{\"@type\":\"SearchAction\",\"target\":{\"@type\":\"EntryPoint\",\"urlTemplate\":\"https:\\\/\\\/blouinbeauchamp.ca\\\/en\\\/?s={search_term_string}\"},\"query-input\":{\"@type\":\"PropertyValueSpecification\",\"valueRequired\":true,\"valueName\":\"search_term_string\"}}],\"inLanguage\":\"en-US\"},{\"@type\":\"Organization\",\"@id\":\"https:\\\/\\\/blouinbeauchamp.ca\\\/en\\\/#organization\",\"name\":\"Blouin Beauchamp Architectes\",\"alternateName\":\"Blouin Tardif Architectes\",\"url\":\"https:\\\/\\\/blouinbeauchamp.ca\\\/en\\\/\",\"logo\":{\"@type\":\"ImageObject\",\"inLanguage\":\"en-US\",\"@id\":\"https:\\\/\\\/blouinbeauchamp.ca\\\/en\\\/#\\\/schema\\\/logo\\\/image\\\/\",\"url\":\"https:\\\/\\\/blouinbeauchamp.ca\\\/wp-content\\\/uploads\\\/2024\\\/01\\\/BlouinBeauchamp_logo-1.jpg\",\"contentUrl\":\"https:\\\/\\\/blouinbeauchamp.ca\\\/wp-content\\\/uploads\\\/2024\\\/01\\\/BlouinBeauchamp_logo-1.jpg\",\"width\":706,\"height\":100,\"caption\":\"Blouin Beauchamp Architectes\"},\"image\":{\"@id\":\"https:\\\/\\\/blouinbeauchamp.ca\\\/en\\\/#\\\/schema\\\/logo\\\/image\\\/\"}}]}<\/script>\n<!-- \/ Yoast SEO plugin. -->","yoast_head_json":{"title":"Jonathan Proulx | Blouin Beauchamp Architectes","robots":{"index":"index","follow":"follow","max-snippet":"max-snippet:-1","max-image-preview":"max-image-preview:large","max-video-preview":"max-video-preview:-1"},"canonical":"https:\/\/blouinbeauchamp.ca\/en\/collaborateurs\/jonathan-proulx\/","og_locale":"en_US","og_type":"article","og_title":"Jonathan Proulx | Blouin Beauchamp Architectes","og_description":"Passionate about architecture, Jonathan has twelve years of education under his belt, including a diploma in Architectural Technology from C\u00e9gep de Saint-Laurent, a bachelor&#8217;s degree in Environmental Design from the Universit\u00e9 du Qu\u00e9bec \u00e0 Montr\u00e9al, and a bachelor&#8217;s and master&#8217;s degree in Architecture from the Universit\u00e9 de Montr\u00e9al. During his studies, he completed several residential [&hellip;]","og_url":"https:\/\/blouinbeauchamp.ca\/en\/collaborateurs\/jonathan-proulx\/","og_site_name":"Blouin Beauchamp Architectes","article_modified_time":"2025-12-19T19:31:26+00:00","twitter_card":"summary_large_image","twitter_misc":{"Est. reading time":"2 minutes"},"schema":{"@context":"https:\/\/schema.org","@graph":[{"@type":"WebPage","@id":"https:\/\/blouinbeauchamp.ca\/en\/collaborateurs\/jonathan-proulx\/","url":"https:\/\/blouinbeauchamp.ca\/en\/collaborateurs\/jonathan-proulx\/","name":"Jonathan Proulx | Blouin Beauchamp Architectes","isPartOf":{"@id":"https:\/\/blouinbeauchamp.ca\/en\/#website"},"datePublished":"2016-10-01T16:00:37+00:00","dateModified":"2025-12-19T19:31:26+00:00","breadcrumb":{"@id":"https:\/\/blouinbeauchamp.ca\/en\/collaborateurs\/jonathan-proulx\/#breadcrumb"},"inLanguage":"en-US","potentialAction":[{"@type":"ReadAction","target":["https:\/\/blouinbeauchamp.ca\/en\/collaborateurs\/jonathan-proulx\/"]}]},{"@type":"BreadcrumbList","@id":"https:\/\/blouinbeauchamp.ca\/en\/collaborateurs\/jonathan-proulx\/#breadcrumb","itemListElement":[{"@type":"ListItem","position":1,"name":"Accueil","item":"https:\/\/blouinbeauchamp.ca\/en\/"},{"@type":"ListItem","position":2,"name":"Collaborateurs","item":"https:\/\/blouinbeauchamp.ca\/en\/collaborateurs\/"},{"@type":"ListItem","position":3,"name":"Jonathan Proulx"}]},{"@type":"WebSite","@id":"https:\/\/blouinbeauchamp.ca\/en\/#website","url":"https:\/\/blouinbeauchamp.ca\/en\/","name":"Blouin Beauchamp Architectes","description":"","publisher":{"@id":"https:\/\/blouinbeauchamp.ca\/en\/#organization"},"alternateName":"Blouin Tardif Architectes","potentialAction":[{"@type":"SearchAction","target":{"@type":"EntryPoint","urlTemplate":"https:\/\/blouinbeauchamp.ca\/en\/?s={search_term_string}"},"query-input":{"@type":"PropertyValueSpecification","valueRequired":true,"valueName":"search_term_string"}}],"inLanguage":"en-US"},{"@type":"Organization","@id":"https:\/\/blouinbeauchamp.ca\/en\/#organization","name":"Blouin Beauchamp Architectes","alternateName":"Blouin Tardif Architectes","url":"https:\/\/blouinbeauchamp.ca\/en\/","logo":{"@type":"ImageObject","inLanguage":"en-US","@id":"https:\/\/blouinbeauchamp.ca\/en\/#\/schema\/logo\/image\/","url":"https:\/\/blouinbeauchamp.ca\/wp-content\/uploads\/2024\/01\/BlouinBeauchamp_logo-1.jpg","contentUrl":"https:\/\/blouinbeauchamp.ca\/wp-content\/uploads\/2024\/01\/BlouinBeauchamp_logo-1.jpg","width":706,"height":100,"caption":"Blouin Beauchamp Architectes"},"image":{"@id":"https:\/\/blouinbeauchamp.ca\/en\/#\/schema\/logo\/image\/"}}]}},"_links":{"self":[{"href":"https:\/\/blouinbeauchamp.ca\/en\/wp-json\/wp\/v2\/collaborateurs\/651","targetHints":{"allow":["GET"]}}],"collection":[{"href":"https:\/\/blouinbeauchamp.ca\/en\/wp-json\/wp\/v2\/collaborateurs"}],"about":[{"href":"https:\/\/blouinbeauchamp.ca\/en\/wp-json\/wp\/v2\/types\/collaborateurs"}],"wp:attachment":[{"href":"https:\/\/blouinbeauchamp.ca\/en\/wp-json\/wp\/v2\/media?parent=651"}],"curies":[{"name":"wp","href":"https:\/\/api.w.org\/{rel}","templated":true}]}}

<p>Passionate about architecture, Jonathan has twelve years of education under his belt, including a diploma in Architectural Technology from Cégep de Saint-Laurent, a bachelor&#8217;s degree in Environmental Design from the Université du Québec à Montréal, and a bachelor&#8217;s and master&#8217;s degree in Architecture from the Université de Montréal. During his studies, he completed several residential and commercial construction projects and participated in numerous design and architecture competitions, earning him several awards and publications. Throughout his career, he has developed an ecological architectural approach centered on people and their relationship with their environment, while specializing in the place of children in the design of cities, buildings, and society. His goal is to change current architectural and societal paradigms. In 2021, he joined the team at Blouin Beauchamp Architectes as a candidate for the profession of architect and actively participates in all stages of the architectural design process.</p>
<p>“The most motivating aspect of working at Blouin Beauchamp Architectes is the young, dynamic team. There is a real family feeling within the studio. The nature, scale, quantity, and importance of the projects is also a very motivating aspect of the office for me, allowing me to be in a continuous learning process.”</p>

<!-- This site is optimized with the Yoast SEO plugin v27.5 - https://yoast.com/product/yoast-seo-wordpress/ -->
<title>Jonathan Proulx | Blouin Beauchamp Architectes</title>
<meta name="robots" content="index, follow, max-snippet:-1, max-image-preview:large, max-video-preview:-1" />
<link rel="canonical" href="https://blouinbeauchamp.ca/en/collaborateurs/jonathan-proulx/" />
<meta property="og:locale" content="en_US" />
<meta property="og:type" content="article" />
<meta property="og:title" content="Jonathan Proulx | Blouin Beauchamp Architectes" />
<meta property="og:description" content="Passionate about architecture, Jonathan has twelve years of education under his belt, including a diploma in Architectural Technology from Cégep de Saint-Laurent, a bachelor&#8217;s degree in Environmental Design from the Université du Québec à Montréal, and a bachelor&#8217;s and master&#8217;s degree in Architecture from the Université de Montréal. During his studies, he completed several residential [&hellip;]" />
<meta property="og:url" content="https://blouinbeauchamp.ca/en/collaborateurs/jonathan-proulx/" />
<meta property="og:site_name" content="Blouin Beauchamp Architectes" />
<meta property="article:modified_time" content="2025-12-19T19:31:26+00:00" />
<meta name="twitter:card" content="summary_large_image" />
<meta name="twitter:label1" content="Est. reading time" />
	<meta name="twitter:data1" content="2 minutes" />
<script type="application/ld+json" class="yoast-schema-graph">{"@context":"https:\/\/schema.org","@graph":[{"@type":"WebPage","@id":"https:\/\/blouinbeauchamp.ca\/en\/collaborateurs\/jonathan-proulx\/","url":"https:\/\/blouinbeauchamp.ca\/en\/collaborateurs\/jonathan-proulx\/","name":"Jonathan Proulx | Blouin Beauchamp Architectes","isPartOf":{"@id":"https:\/\/blouinbeauchamp.ca\/en\/#website"},"datePublished":"2016-10-01T16:00:37+00:00","dateModified":"2025-12-19T19:31:26+00:00","breadcrumb":{"@id":"https:\/\/blouinbeauchamp.ca\/en\/collaborateurs\/jonathan-proulx\/#breadcrumb"},"inLanguage":"en-US","potentialAction":[{"@type":"ReadAction","target":["https:\/\/blouinbeauchamp.ca\/en\/collaborateurs\/jonathan-proulx\/"]}]},{"@type":"BreadcrumbList","@id":"https:\/\/blouinbeauchamp.ca\/en\/collaborateurs\/jonathan-proulx\/#breadcrumb","itemListElement":[{"@type":"ListItem","position":1,"name":"Accueil","item":"https:\/\/blouinbeauchamp.ca\/en\/"},{"@type":"ListItem","position":2,"name":"Collaborateurs","item":"https:\/\/blouinbeauchamp.ca\/en\/collaborateurs\/"},{"@type":"ListItem","position":3,"name":"Jonathan Proulx"}]},{"@type":"WebSite","@id":"https:\/\/blouinbeauchamp.ca\/en\/#website","url":"https:\/\/blouinbeauchamp.ca\/en\/","name":"Blouin Beauchamp Architectes","description":"","publisher":{"@id":"https:\/\/blouinbeauchamp.ca\/en\/#organization"},"alternateName":"Blouin Tardif Architectes","potentialAction":[{"@type":"SearchAction","target":{"@type":"EntryPoint","urlTemplate":"https:\/\/blouinbeauchamp.ca\/en\/?s={search_term_string}"},"query-input":{"@type":"PropertyValueSpecification","valueRequired":true,"valueName":"search_term_string"}}],"inLanguage":"en-US"},{"@type":"Organization","@id":"https:\/\/blouinbeauchamp.ca\/en\/#organization","name":"Blouin Beauchamp Architectes","alternateName":"Blouin Tardif Architectes","url":"https:\/\/blouinbeauchamp.ca\/en\/","logo":{"@type":"ImageObject","inLanguage":"en-US","@id":"https:\/\/blouinbeauchamp.ca\/en\/#\/schema\/logo\/image\/","url":"https:\/\/blouinbeauchamp.ca\/wp-content\/uploads\/2024\/01\/BlouinBeauchamp_logo-1.jpg","contentUrl":"https:\/\/blouinbeauchamp.ca\/wp-content\/uploads\/2024\/01\/BlouinBeauchamp_logo-1.jpg","width":706,"height":100,"caption":"Blouin Beauchamp Architectes"},"image":{"@id":"https:\/\/blouinbeauchamp.ca\/en\/#\/schema\/logo\/image\/"}}]}</script>
<!-- / Yoast SEO plugin. -->

Passionate about architecture, Jonathan has twelve years of education under his belt, including a diploma in Architectural Technology from Cégep de Saint-Laurent, a bachelor&#8217;s degree in Environmental Design from the Université du Québec à Montréal, and a bachelor&#8217;s and master&#8217;s degree in Architecture from the Université de Montréal. During his studies, he completed several residential [&hellip;]
